ime number?
False
Is 83566333 prime?
False
Is 2914031113 prime?
False
Is 2062618361 composite?
False
Is 4075819831 composite?
False
Is 10354292786 a composite number?
True
Is 32430840691 a prime number?
True
Is 18624855323 a prime number?
True
Is 29602359659 a prime number?
True
Is 1184882003 composite?
False
Is 85049611 composite?
False
Is 55667945819 prime?
True
Is 79734335431 composite?
True
Is 28372048219 composite?
True
Is 422341835 a prime number?
False
Is 865807951 prime?
False
Is 5488650359 a composite number?
True
Is 746792789 a prime number?
True
Is 16234287739 a composite number?
False
Is 3023291221 composite?
False
Is 65087692591 a composite number?
True
Is 838463909 a composite number?
False
Is 65737131293 prime?
False
Is 75784046609 composite?
True
Is 4336093219 a composite number?
True
Is 176247123049 a composite number?
True
Is 13276248191 prime?
True
Is 297517331305 a prime number?
False
Is 611995009 composite?
False
Is 96409616417 a prime number?
True
Is 46243811 composite?
True
Is 1057795891 a composite number?
False
Is 678706933 prime?
False
Is 14003356417 prime?
True
Is 1913714167 a prime number?
True
Is 36325929557 prime?
True
Is 5158485091 a composite number?
False
Is 11402616487 prime?
True
Is 2994772255 a prime number?
False
Is 1038679189 composite?
False
Is 4135665323 composite?
True
Is 221640467 composite?
False
Is 1217102819 prime?
True
Is 23307930281 prime?
True
Is 2371229123 a prime number?
True
Is 131005362557 composite?
False
Is 1275340471 a prime number?
False
Is 130766197 a prime number?
True
Is 2145574745 prime?
False
Is 30627476011 a prime number?
False
Is 5458971499 a composite number?
False
Is 63556643 prime?
False
Is 4149945949 a prime number?
True
Is 135726687833 a prime number?
False
Is 31906980923 a prime number?
False
Is 431742277 a composite number?
False
Is 66913096373 a composite number?
False
Is 5550331321 composite?
False
Is 77895828229 a prime number?
True
Is 37268489 prime?
False
Is 3054035143 prime?
True
Is 21005993 composite?
True
Is 14332740659 a prime number?
True
Is 20307877573 prime?
False
Is 212065619 prime?
True
Is 5073158639 composite?
False
Is 993633059 composite?
False
Is 428685259 a prime number?
True
Is 102209292529 a prime number?
True
Is 395480167 a prime number?
False
Is 4320478999 a composite number?
True
Is 11966047997 a prime number?
False
Is 57143599 a prime number?
True
Is 1299252313 a prime number?
False
Is 11827221677 composite?
True
Is 553381993 composite?
True
Is 10782552347 a prime number?
False
Is 58653943253 composite?
False
Is 9347470141 prime?
True
Is 56322881423 composite?
False
Is 4062540467 a prime number?
False
Is 4314118297 a prime number?
False
Is 1022135567 a composite number?
True
Is 5773389617 prime?
False
Is 1985747593 prime?
False
Is 10479310733 composite?
False
Is 51420057973 a prime number?
True
Is 26676835951 a prime number?
True
Is 211016251 composite?
True
Is 13636135399 a prime number?
True
Is 850408473 a composite number?
True
Is 269503789 composite?
True
Is 11889085771 a composite number?
False
Is 968855005 composite?
True
Is 1099241219 a composite number?
True
Is 4288177813 prime?
True
Is 46271359787 composite?
False
Is 602372923 composite?
False
Is 6557255833 a prime number?
True
Is 36422627303 prime?
True
Is 772620857 prime?
True
Is 24917878171 prime?
True
Is 1337393597 composite?
True
Is 963254623 a prime number?
True
Is 2856193891 a composite number?
True
Is 4343462707 a prime number?
True
Is 29869719421 a composite number?
True
Is 2485268053 composite?
False
Is 267759829 prime?
True
Is 605492977 a composite number?
True
Is 373600807 a composite number?
False
Is 138034826471 composite?
True
Is 3412742791 a prime number?
True
Is 57073849271 prime?
True
Is 1125552397 prime?
True
Is 277167053 a composite number?
True
Is 115698068287 a composite number?
False
Is 1406175611 composite?
False
Is 171164803 prime?
True
Is 257709163 prime?
True
Is 2992354199 a prime number?
True
Is 1219715587 a composite number?
True
Is 71732545709 prime?
False
Is 36617652087 prime?
False
Is 1724997559 a composite number?
True
Is 18744343 a prime number?
False
Is 523901881 composite?
True
Is 79904333 a prime number?
True
Is 366602767 composite?
False
Is 5216729311 a composite number?
False
Is 46202177969 a composite number?
False
Is 56462858381 a prime number?
True
Is 186808668901 a composite number?
True
Is 24534856949 a composite number?
False
Is 1448133263 prime?
False
Is 2492858323 a composite number?
False
Is 170742993533 prime?
False
Is 928658867 composite?
False
Is 589979323 prime?
False
Is 386110427 a composite number?
True
Is 79077997 composite?
True
Is 3267298039 a composite number?
False
Is 735703019 a composite number?
False
Is 39101459 a composite number?
False
Is 1095273505 prime?
False
Is 27103471573 a composite number?
True
Is 462582553 a composite number?
False
Is 145592551 prime?
False
Is 869315599 prime?
False
Is 408924787 prime?
True
Is 426813637 prime?
False
Is 123356458 a prime number?
False
Is 18950264353 composite?
False
Is 410983 a prime number?
True
Is 8131217533 prime?
False
Is 30005974889 prime?
False
Is 384951871 a prime number?
False
Is 1058602007 a prime number?
True
Is 614523521 prime?
True
Is 423086999 a composite number?
False
Is 1323078961 a prime number?
True
Is 285641898671 a prime number?
True
Is 65196243221 a prime number?
True
Is 14193161959 a prime number?
True
Is 4688129482 a composite number?
True
Is 473344919 composite?
False
Is 18143960969 composite?
False
Is 148193241403 composite?
False
Is 96071929 prime?
True
Is 4839438803 prime?
True
Is 667570363 a composite number?
True
Is 9356818057 composite?
True
Is 4207839421 a prime number?
False
Is 146744177819 a composite number?
False
Is 26838125813 a composite number?
True
Is 381519659 composite?
False
Is 633652289 composite?
False
Is 9172287547 a composite number?
False
Is 2171888881 composite?
True
Is 98436690019 prime?
True
Is 139079429 a prime number?
True
Is 5875504331 composite?
False
Is 6561676217 a prime number?
True
Is 950175689 a composite number?
True
Is 144835940087 composite?
False
Is 955154017 a composite number?
False
Is 1321382813 composite?
True
Is 2870300327 composite?
False
Is 26014871089 prime?
True
Is 52075751071 a prime number?
False
Is 17281145513 composite?
False
Is 23382961451 composite?
False
Is 30504182 a composite number?
True
Is 1607823797 composite?
False
Is 313800611 a composite number?
False
Is 11321619931 a composite number?
True
Is 1186477993 composite?
False
Is 7305720271 prime?
True
Is 36106074421 a composite number?
True
Is 14205285671 prime?
False
Is 585942607 a prime number?
True
Is 810177317 prime?
False
Is 685397707 a composite number?
False
Is 120976723 composite?
True
Is 14335445843 prime?
True
Is 31765482499 prime?
True
Is 608639021 a prime number?
True
Is 362529227 a prime number?
True
Is 1711669121 composite?
True
Is 454208921 composite?
True
Is 1051901779 a composite number?
False
Is 845633011 prime?
False
Is 189907439 a composite number?
True
Is 16319464349 composite?
False
Is 1765194989 a composite number?
False
Is 56045616519 a composite number?
True
Is 7033135157 composite?
False
Is 391242389 composite?
False
Is 2104409689 a composite number?
False
Is 18614538097 a prime number?
True
Is 628622318 composite?
True
Is 2333682607 a prime number?
False
Is 3487059361 a composite number?
False
Is 38798816659 composite?
False
Is 105393396791 prime?
False
Is 824795969 prime?
False
Is 184968212109 a prime number?
False
Is 2430673913 prime?
True
Is 23876603021 a composite number?
False
Is 617529565 a composite number?
True
Is 655392233 composite?
False
Is 10821896999 a composite number?
True
Is 5853511021 a composite number?
False
Is 4113464273 prime?
True
Is 15046096961 a composite number?
True
Is 36707702855 composite?
True
Is 35924478913 composite?
False
Is 848767831 a prime number?
True
Is 41758163137 a prime number?
True
Is 62426377367 a composite number?
True
Is 1004764759 prime?
True
Is 3840876191 composite?
True
Is 366212659 a prime number?
True
Is 150554818487 prime?
True
Is 514596449 prime?
True
Is 345338947 composite?
True
Is 25663211869 composite?
True
Is 966611029 a prime number?
False
Is 38835990917 prime?
True
Is 2742